{"id":46,"date":"2017-02-19T13:57:45","date_gmt":"2017-02-19T13:57:45","guid":{"rendered":"http:\/\/www.anfangsquell.ch\/?page_id=46"},"modified":"2019-11-23T18:05:48","modified_gmt":"2019-11-23T18:05:48","slug":"esalen-massage","status":"publish","type":"page","link":"https:\/\/www.anfangsquell.ch\/?page_id=46","title":{"rendered":"Esalen Massage"},"content":{"rendered":"<p><a href=\"http:\/\/www.anfangsquell.ch\/wp-content\/uploads\/2017\/02\/Monique-beim-Massieren.jpg\"><img loading=\"lazy\" decoding=\"async\" class=\"wp-image-232 aligncenter\" src=\"http:\/\/www.anfangsquell.ch\/wp-content\/uploads\/2017\/02\/Monique-beim-Massieren-300x225.jpg\" alt=\"\" width=\"420\" height=\"315\" srcset=\"https:\/\/www.anfangsquell.ch\/wp-content\/uploads\/2017\/02\/Monique-beim-Massieren-300x225.jpg 300w, https:\/\/www.anfangsquell.ch\/wp-content\/uploads\/2017\/02\/Monique-beim-Massieren-768x576.jpg 768w, https:\/\/www.anfangsquell.ch\/wp-content\/uploads\/2017\/02\/Monique-beim-Massieren-1024x768.jpg 1024w\" sizes=\"auto, (max-width: 420px) 100vw, 420px\" \/><\/a><\/p>\n<h3>Die vergessene Kunst der Ber\u00fchrung<\/h3>\n<p>Die Esalen Massage Ausbildung ist ein grosser Schritt auf dem heilenden Pfad. Sie besteht u.a. aus Atemarbeit, gef\u00fchrten Meditationen und Stretching. Erfahrene Masseure werden T\u00fcren zu einer neuen Ber\u00fchrungsqualit\u00e4t \u00f6ffnen k\u00f6nnen. K\u00f6rper, Geist, Gef\u00fchle und Energie schwingen gemeinsam und betonen den Menschen als ein ganzheitliches, multidimensionales Wesen.<\/p>\n<p>Die Esalen Massage basiert auf den Techniken der schwedischen Massage.\u00a0\u00dcber all die Jahre sind weitere Elemente aus verschiedenen Richtungen der K\u00f6rperarbeit, wie Trager, Feldenkrais, Cranio Sacrale Therapie, Tiefengewebearbeit, Polarity und Akupressur in die\u00a0Esalen Massage und ihre Philosophie integriert worden. Diese bieten ein reichhaltiges Sortiment an &#8222;Werkzeugen&#8220;, mit denen gearbeitet\u00a0werden kann.<\/p>\n<p>Grunds\u00e4tzlich ist die Esalen Masage eine sehr liebevolle, achtsame Massage. Ein typisches Element sind die \u201elong strokes\u201c, die langen Streichungen. Kunden berichten von \u201eVisionen\u201c, Farben, Bildern, aber auch, dass sie sich nach der fast 90- min\u00fctigen Massage nicht \u201etilt\u201c f\u00fchlen, sondern erfrischt und ausgeruht.<\/p>\n<h6>Preis<\/h6>\n<h6>150.-<\/h6>\n","protected":false},"excerpt":{"rendered":"<p>Die vergessene Kunst der Ber\u00fchrung Die Esalen Massage Ausbildung ist ein grosser Schritt auf dem heilenden Pfad. Sie besteht u.a. aus Atemarbeit, gef\u00fchrten Meditationen und Stretching. Erfahrene Masseure werden T\u00fcren zu einer neuen Ber\u00fchrungsqualit\u00e4t \u00f6ffnen k\u00f6nnen. K\u00f6rper, Geist, Gef\u00fchle und Energie schwingen gemeinsam und betonen den Menschen als ein ganzheitliches, multidimensionales Wesen. Die Esalen Massage [&hellip;]<\/p>\n","protected":false},"author":1,"featured_media":0,"parent":0,"menu_order":0,"comment_status":"closed","ping_status":"closed","template":"","meta":{"__cvm_playback_settings":[],"__cvm_video_id":"","footnotes":""},"class_list":["post-46","page","type-page","status-publish","hentry","clear"],"_links":{"self":[{"href":"https:\/\/www.anfangsquell.ch\/index.php?rest_route=\/wp\/v2\/pages\/46","targetHints":{"allow":["GET"]}}],"collection":[{"href":"https:\/\/www.anfangsquell.ch\/index.php?rest_route=\/wp\/v2\/pages"}],"about":[{"href":"https:\/\/www.anfangsquell.ch\/index.php?rest_route=\/wp\/v2\/types\/page"}],"author":[{"embeddable":true,"href":"https:\/\/www.anfangsquell.ch\/index.php?rest_route=\/wp\/v2\/users\/1"}],"replies":[{"embeddable":true,"href":"https:\/\/www.anfangsquell.ch\/index.php?rest_route=%2Fwp%2Fv2%2Fcomments&post=46"}],"version-history":[{"count":25,"href":"https:\/\/www.anfangsquell.ch\/index.php?rest_route=\/wp\/v2\/pages\/46\/revisions"}],"predecessor-version":[{"id":576,"href":"https:\/\/www.anfangsquell.ch\/index.php?rest_route=\/wp\/v2\/pages\/46\/revisions\/576"}],"wp:attachment":[{"href":"https:\/\/www.anfangsquell.ch\/index.php?rest_route=%2Fwp%2Fv2%2Fmedia&parent=46"}],"curies":[{"name":"wp","href":"https:\/\/api.w.org\/{rel}","templated":true}]}}