{"id":249,"date":"2017-02-24T13:19:02","date_gmt":"2017-02-24T13:19:02","guid":{"rendered":"http:\/\/www.anfangsquell.ch\/?page_id=249"},"modified":"2017-02-24T13:40:34","modified_gmt":"2017-02-24T13:40:34","slug":"erfahrungsberichte","status":"publish","type":"page","link":"https:\/\/www.anfangsquell.ch\/?page_id=249","title":{"rendered":"Erfahrungsberichte"},"content":{"rendered":"<p><strong>Anzeichen eines Burnouts<\/strong><\/p>\n<p>Eine Kollegin bat mich, f\u00fcr ihren Mann zu matrixen.\u00a0Hier ihr Bericht, den sie mir gemailt hatte:<\/p>\n<p>Vor einem halben Jahr begannen bei ihm wegen der Arbeit die Symptome eines Burnouts. Er konnte nicht mehr schlafen, lag stundenlang wach. Er ging zu einem Psychologen. Bis zum Januar war es nicht einfach.<\/p>\n<p>Ungef\u00e4hr im M\u00e4rz habe ich dich um ein Matrix gebeten. Er war immer so traurig. Er konnte die Freude im Leben nicht wiederfinden. Die Kinder sp\u00fcrten das. Abends war es besonders schwierig. Er war verschlossen und war nicht pr\u00e4sent.<\/p>\n<p>Genau eine Woche, nachdem ich dich das gefragt habe, begann es zu bessern. Abends war er ruhiger, er konnte wieder lachen. Jetzt geht es ihm wieder besser. Er trifft seinen Psychologen nicht mehr. \u201eIch habe wieder einen Mann!&#8220;<\/p>\n<p><strong>Hexenschuss<\/strong><\/p>\n<p>Letzte Woche rief eine Kundin an, die eine Massage buchen wollte. Gleichzeitig erw\u00e4hnte sie, dass sie seit 5 Tagen an einem Hexenschuss leide, der medizinisch behandelt werde. Ich sagte ihr, um den Hexenschuss w\u00fcrde ich mich sofort k\u00fcmmern, dass sie da nicht bis Mittwoch warten m\u00fcsse. Um Viertel vor drei Uhr nachmittags hatte ich Zeit, um das zu machen. Um halb f\u00fcnf rief ich sie an, um zu fragen, wie es ihr gehe. Sie sagte, der Schmerz sei seit eineinhalb Stunden vollkommen weg.<\/p>\n<p><strong>Kontakt zu jemandem in Koma<\/strong><\/p>\n<p>Eine Kollegin bat mich, Kontakt zu ihrem Bruder aufzunehmen. Es ging um die Frage, ob die Familie zulassen soll, dass die \u201elebenserhaltende\u201c Maschine abgestellt w\u00fcrde. Ich bekam Bilder von Raubkatzen, Panther, Gepard. Dann sein Gesicht in Grossaufnahme. Unten links st\u00e4ndig ein asiatisches, ca. 5-j\u00e4hriges M\u00e4dchengesicht. Ich stellte die Frage, ob man die Maschine abstellen soll. Seine Antwort: \u201eOhne die Maschine w\u00e4re ich schon l\u00e4ngstens tot!\u201c Das war deutlich. Aufkl\u00e4rung durch die Kollegin: ihr Bruder war ein Kampfsportler mit schwarzem Gurt, geschmeidig. Es fiel schwer, ihn so daliegen zu sehen. Er sei mit einer Asiatin\u00a0verheiratet gewesen und hatte eine 5-j. Tochter mit ihr. Dieses Kind liebte er wie seinen Augapfel. Sein Satz war f\u00fcr die Entscheidung enorm hilfreich. Vor allem, da die Kollegin ihren Bruder daran sofort\u00a0erkannte.<\/p>\n<p><strong>Starkes Asthma, 10 Jahre, Sohn meiner Freundin, M\u00e4rz 2014<\/strong><\/p>\n<p><strong>Protokoll:\u00a0<\/strong>What would it take, if R. would integrate his Asthma? &#8211;\u00a02P\u00a0 H\u00e4nde str\u00f6men aufw\u00e4rts &#8211;\u00a0HF zitronengelb, Limette, Orange, Granatapfel, Elefant &#8211;\u00a0Eine Mischung aus Engel- Fee- Schmetterling schwebt in einem Bogen auf seine Brust zu, nimmt das Asthma und fliegt damit ins Sternentor.\u00a0Ein anderer Engel mit hauchd\u00fcnnen, riesigen Fl\u00fcgeln umarmt seine Lungen und sch\u00fctzt sie. Done.<\/p>\n<p>In einem Nebensatz erw\u00e4hnt meine Freundin mindestens ein Jahr danach: \u201eIch bin \u00fcberzeugt, dass durch dein Matrixen mein Sohn f\u00fcr mindestens ein halbes Jahr sein Asthma los geworden ist!\u201c So sch\u00f6n!<\/p>\n<p><em>Die letzten f\u00fcnf Jahre meiner dreissigj\u00e4hrigen Lehrt\u00e4tigkeit unterrichtete ich Deutsch in einer Institution, die UMAs aufnimmt. (UMA = unbegleitete minderj\u00e4hrige Asylsuchende)<\/em><\/p>\n<p><em>Da diese h\u00e4ufig psychische und physische Traumata erlitten haben, wir aber deren Sprache nicht sprechen, bietet sich Matrix Energetics als Behandlungsmethode geradezu an. Anbei ein paar Beispiele.<\/em><\/p>\n<p><strong>Menstruationsbeschwerden, Sch\u00fclerin, 17 Jahre alt, August 2013<\/strong><\/p>\n<p>Wegen der Schmerzen kann K. nur m\u00fchsam stehen. Sie sieht auch im Sitzen sehr mitgenommen aus, versucht aber, ihre Schmerzen zu verbergen und im Unterricht mitzumachen.\u00a0Nach dem Unterricht biete ich ihr eine Behandlung an. (Energie)<\/p>\n<p><strong>Protokoll:<\/strong>\u00a0Sie sitzt mit dem R\u00fccken zu mir. Ich sehe einen schwarzen und einen blauen Punkt und nehme diese beiden gerade f\u00fcr einen Zweipunkt. Die Energie fliesst und die Verbindung kommt. &#8211;\u00a0Ich reinige meine eigene Energie und schicke sie hinunter zu dem braunen, riesengrossen Erdkristall und hole sie mit der Frequenz 3 wieder hoch.\u00a0Ich laufe um sie herum und Eisen, Magnesium und die Frequenzen 21, 19, 17, 16, 2 und 3 kommen in ihre Bauchgegend. Zudem verschiedene Farben, ein helles Gr\u00fcn, dann ein k\u00fchlender Lehmlappen, dar\u00fcber ein Band von dunklem Blau. Violett meldet sich als spirituelle Verbindung.\u00a0Um sie herum forme ich eine orange Blase, die sie besch\u00fctzt. Hinter hier, \u00fcber ihren Schultern und Kopf, ist ein riesiger hellblauer Engel, der sie ebenfalls besch\u00fctzt.\u00a0Ich frage, was noch mehr. Sie bekommt noch das Modul 21 \u00fcber ihren Bauch integriert. &#8211;\u00a0Was noch? Mir kommt Time Travel. Wir z\u00e4hlen zur\u00fcck bis 25 Leben zur\u00fcck. Eigentlich kam mir noch die Zahl 64, aber ich wusste nichts damit anzufangen. Bei 13 Lebensjahren kam eine leichte Bewegung. Sie sagt, dass ihre Mutter damals einige Vorf\u00e4lle in ihrem Leben hatte.\u00a0Die Behandlung ist fertig. &#8211;\u00a0Ich frage sie, ob sie eine Ver\u00e4nderung sp\u00fcrt. Nach einer langen Pause sagt sie, sie wisse es nicht. Dann sagt sie ganz \u00fcberrascht, sie f\u00fchle sich leichter, viel leichter.\u00a0Sie sagt, es sei noch ein kleiner Schmerz da, aber mit dem k\u00f6nne sie umgehen. Sie ist gl\u00fccklich und bedankt sich.<\/p>\n<p><strong>Nackenbeschwerden, Sch\u00fcler, 14 Jahre alt, September 2013<\/strong><\/p>\n<p>Dieser Sch\u00fcler berichtet, er habe zwei Jahre lang Mehls\u00e4cke auf den Schultern tragen m\u00fcssen, um sich die \u00dcberfahrt \u00fcber das Mittelmeer finanzieren zu k\u00f6nnen. Er ist sehr schm\u00e4chtig. W\u00e4hrend des Unterrichts\u00a0\u201ewirft\u201c er st\u00e4ndig seinen Kopf seitlich nach hinten. Ich darf ihn matrixen. Seine Reaktion war:\u00a0\u201eFresh!\u201c Seine Augen leuchteten, die Schmerzen seien weg! Das mit dem Kopf verwerfen hatte von dem Moment an aufgeh\u00f6rt.<\/p>\n<p><strong>Angst vor Alptr\u00e4umen, Schlafbeschwerden, Sch\u00fcler, 16 Jahre alt, Oktober 2015<\/strong><\/p>\n<p>W\u00e4hrend ich mich noch mit drei Sch\u00fclern unterhielt, sah ich, wie ein Neuer, der erst drei Tage bei uns war, draussen im Gang die Anwendung eines Maschinengewehrs imitierte. Ich spedierte die drei Sch\u00fcler raus und den anderen rein. Mit Hilfe des Arabisch- Deutsch W\u00f6rterbuches erz\u00e4hlte er mir von seiner Entf\u00fchrung und wie er st\u00e4ndig unter Wasser getaucht wurde und mit Strom gefoltert worden sei. Er konnte nicht schlafen, da er dann diese Situationen immer wieder erlebte. Nachdem wir zusammen gematrixt hatten, berichtete er nach einer Woche, dass es besser sei mit dem Schlafen. Nach einer weiteren Matrix-Session und einer weiteren Woche erz\u00e4hlte er, dass er jetzt schlafen k\u00f6nne.<\/p>\n<p><strong>Fernbehandlungen<\/strong><\/p>\n<p><em>Es ist absolut nicht n\u00f6tig, dass die zu behandelnde Person vor mir sitzt. Folgende Berichte veranschaulichen dies.<\/em><\/p>\n<p><strong>Heikle Situation beruhigen, Sohn nach acht Jahren Kontaktverweigerung wieder zur\u00fcckbringen, April 2015<\/strong><\/p>\n<p>Es war in den Fr\u00fchlingsferien in Spanien. Wir befanden uns in einem Feriendorf. Ich begab mich vor dem Abendessen in den Raum, wo es W-Lan gab und stellte voller Freude fest, dass meine Tochter etwas gepostet hatte. &#8211; Ich zeigte der K\u00f6chin das Foto meiner Tochter. Sie war eine etwa 50-j\u00e4hrige Frau aus Ungarn. Aus heiterem Himmel st\u00fcrzten B\u00e4che von Tr\u00e4nen aus ihren Augen. Schluchzend erkl\u00e4rte sie mir, dass sie einen Sohn habe, der seit acht Jahren den Kontakt zu ihr verweigere. Er sei Polizist in Ungarn und zudem noch mit der Mafia verbandelt. Ihr Chef n\u00e4herte sich. Vollkommen aus der Fassung fl\u00fcchtete sie in die K\u00fcche und sagte, sie sei sowieso zu sp\u00e4t dran mit dem Kochen. &#8211; Ich h\u00f6rte, wie ihr die Pfannen und Deckel auf den Boden fielen und machte mir Sorgen, dass sie sich verbr\u00fchen k\u00f6nnte. &#8211; Auch wenn ich normalerweise jemanden zuerst um Erlaubnis bitte, beschloss ich in diesem Fall spontan, ihr zu matrixen. &#8211; Ich begann, Verbindung aufzunehmen. Sofort erschien Maria. Danach gleich das Herz von der K\u00f6chin, aber in Goldbarrenform. Dieser fing an zu schmelzen und wurde wie eine Tr\u00f6pfcheninfusion in das Herz ihres Sohnes hin\u00fcbergeleitet. Ich wendete noch die \u00fcblichen Matrix- Techniken an zum Abschliessen.<\/p>\n<p>Am n\u00e4chsten Morgen sah ich die K\u00f6chin auf dem Weg stehen. Sie stemmte ihre H\u00e4nde in die Seiten und rief mir zu: \u201eWas hast du mit mir gemacht? Ich weiss genau, du hast etwas mit mir gemacht!\u201c Ich stellte mich etwas doof und fragte sie: \u201eWas?\u201c Sie erz\u00e4hlte, dass nachdem ihr die Pfannen und Deckel alle auf den Boden geflogen seien, pl\u00f6tzlich so ein Frieden \u00fcber sie gekommen sei (war f\u00fcr mich klar, dass das Maria gewesen sein muss). Danach sei ihr Herz pl\u00f6tzlich unglaublich heiss geworden. Dann sei ihr alles ganz flott von der Hand gegangen und sie habe sogar noch etwas Zeit \u00fcber gehabt! Und zudem habe sie noch geschlafen! Ich wurde hellh\u00f6rig und fragte nach. Sie erkl\u00e4rte\u00a0mir, dass sie seit acht Jahren nachts nicht mehr schlafen k\u00f6nne.<\/p>\n<p>Ich erz\u00e4hlte ihr alles, dass ich ihr gematrixt hatte und welche Bilder mir erschienen waren. Sie bat mich innigst, dasselbe f\u00fcr ihren Sohn zu tun. Seine Freundin habe sich von ihm getrennt. Ich willigte ein.<\/p>\n<p>Wir blieben in Verbindung. Sie berichtete, dass ihr Sohn wieder mit ihr\u00a0kommuniziere und dass er und seine Freundin wieder zusammengefunden h\u00e4tten.<\/p>\n<p><strong>Drogens\u00fcchtiger Sohn (17 Jahre alt) zwei Wochen nicht nach Hause gekommen, November 2013<\/strong><\/p>\n<p>G\u00e4nzlich unerwartet traf ich in einem Caf\u00e9 auf eine Arbeitskollegin.\u00a0Ich machte ihr ein Kompliment zu ihren leuchtenden, kornblumenblauen Augen und meinte, dass es ihr bestimmt gut gehe. &#8211; Aus ihr brach es nur so raus (und ich kannte sie eigentlich nicht so gut): \u201eNein, es geht mir gar nicht gut! Mein Sohn, der an die Kantonsschule geht und drogens\u00fcchtig ist, hat sich seit zwei Wochen nicht mehr gemeldet und reagiert auf keine SMS oder Anrufe meinerseits!\u201c Sie erz\u00e4hlte und erz\u00e4hlte. Ich sagte nur, soll ich dir matrixen? Und sie: \u201eJa, keine Ahnung was das ist, aber mach es einfach!\u201c &#8211; Kaum war ich zu Hause, dachte ich mir, bevor ich das vergesse, mache ich das noch. &#8211; Ich nahm Verbindung mit ihm auf. Sie war augenblicklich da. Es erschien die Freiheitsstatue von Amerika. Ich wusste, ich muss ihm jetzt noch diesen eisernen, schweren Dornenkranz auf den Kopf setzen (so wie bei Jesus) und mein Verstand funkte rein und sagte mir, dass das viel zu schwer sei. Ich beschloss, ihm diese eiserne Krone in die Hand zu geben, damit er sie sich selbst aufsetzen k\u00f6nne. Dann wendete ich noch die Matrix- Techniken an (unter anderem die Matrix Engel &#8230;)\u00a0 und bekam mein Schlusszeichen. &#8211; Ungef\u00e4hr eine Woche sp\u00e4ter, als ich die Kollegin in der Mensa der GBS wieder traf, sprach sie mich an und fragte mich, ob ich was gemacht h\u00e4tte. &#8211; Da es schon ein Weilchen her war, musste ich mich sammeln und erz\u00e4hlte ihr alles. Sie sagte, dass ihr Sohn sich noch am selben Tag bei ihr gemeldet habe, dass er die ganze Zeit bei einem Kollegen gewesen sei, und dass er jetzt wisse, was er wolle. Er habe beschlossen, eine Drogen-Entzugstherapie zu machen. Schon am n\u00e4chsten Tag sind sie in die Entzugsklinik gefahren, von wo er nach einem Jahr \u201eclean\u201c rauskam.<\/p>\n<p>Sie hat ihren Sohn gefragt, ob sein Entschluss etwas mit ihrer Aussage, dass sie nicht mehr k\u00f6nne und am Ende ihrer Kr\u00e4fte sei, zu tun habe. Er verneint heftig und sagt, das habe keine Rolle bei seinem Entscheid gespielt, es sei etwas in ihm drin gewesen, das ihn zu diesem Schritt bewogen habe.<\/p>\n","protected":false},"excerpt":{"rendered":"<p>Anzeichen eines Burnouts Eine Kollegin bat mich, f\u00fcr ihren Mann zu matrixen.\u00a0Hier ihr Bericht, den sie mir gemailt hatte: Vor einem halben Jahr begannen bei ihm wegen der Arbeit die Symptome eines Burnouts. Er konnte nicht mehr schlafen, lag stundenlang wach. Er ging zu einem Psychologen. Bis zum Januar war es nicht einfach. Ungef\u00e4hr im [&hellip;]<\/p>\n","protected":false},"author":1,"featured_media":0,"parent":48,"menu_order":0,"comment_status":"closed","ping_status":"closed","template":"","meta":{"__cvm_playback_settings":[],"__cvm_video_id":"","footnotes":""},"class_list":["post-249","page","type-page","status-publish","hentry","clear"],"_links":{"self":[{"href":"https:\/\/www.anfangsquell.ch\/index.php?rest_route=\/wp\/v2\/pages\/249","targetHints":{"allow":["GET"]}}],"collection":[{"href":"https:\/\/www.anfangsquell.ch\/index.php?rest_route=\/wp\/v2\/pages"}],"about":[{"href":"https:\/\/www.anfangsquell.ch\/index.php?rest_route=\/wp\/v2\/types\/page"}],"author":[{"embeddable":true,"href":"https:\/\/www.anfangsquell.ch\/index.php?rest_route=\/wp\/v2\/users\/1"}],"replies":[{"embeddable":true,"href":"https:\/\/www.anfangsquell.ch\/index.php?rest_route=%2Fwp%2Fv2%2Fcomments&post=249"}],"version-history":[{"count":5,"href":"https:\/\/www.anfangsquell.ch\/index.php?rest_route=\/wp\/v2\/pages\/249\/revisions"}],"predecessor-version":[{"id":257,"href":"https:\/\/www.anfangsquell.ch\/index.php?rest_route=\/wp\/v2\/pages\/249\/revisions\/257"}],"up":[{"embeddable":true,"href":"https:\/\/www.anfangsquell.ch\/index.php?rest_route=\/wp\/v2\/pages\/48"}],"wp:attachment":[{"href":"https:\/\/www.anfangsquell.ch\/index.php?rest_route=%2Fwp%2Fv2%2Fmedia&parent=249"}],"curies":[{"name":"wp","href":"https:\/\/api.w.org\/{rel}","templated":true}]}}